{"id":1196,"date":"2021-06-02T11:59:29","date_gmt":"2021-06-02T09:59:29","guid":{"rendered":"https:\/\/metamorfos.de\/?page_id=1196"},"modified":"2025-10-17T10:30:32","modified_gmt":"2025-10-17T08:30:32","slug":"about","status":"publish","type":"page","link":"https:\/\/metamorfos.de\/index.php\/about\/","title":{"rendered":"\u00dcber Mich"},"content":{"rendered":"<p>[vc_row][vc_column width=&#8221;1\/4&#8243;][vc_empty_space][vc_single_image image=&#8221;1575&#8243; img_size=&#8221;large&#8221;][\/vc_column][vc_column width=&#8221;3\/4&#8243;][vc_column_text]<\/p>\n<h2>Sch\u00f6n, dass Sie mich besuchen!<\/h2>\n<p>Mein Name ist Lisa Portner, ich gestalte Lebensr\u00e4ume.<\/p>\n<p>Sie sind Bautr\u00e4ger, Makler, Privatperson, Investor oder Inhaber einer Ferienwohnung und w\u00fcnschen sich<\/p>\n<ul>\n<li>sch\u00f6ner zu wohnen<\/li>\n<li>Ihre Immobilie optimal zu pr\u00e4sentieren<\/li>\n<li>zufriedene G\u00e4ste\/Kunden<\/li>\n<li>den bestm\u00f6glichen Preis bei Vermietung und Verkauf?<\/li>\n<\/ul>\n<p>Als Interior Designerin und IHK-zertifizierte Home Stagerin bin ich genau die Richtige f\u00fcr Sie, wenn Sie eine kompetente und professionelle Durchf\u00fchrung Ihres Projekts erwarten.<\/p>\n<p>Ich liebe an meinem Job, dass ich aus jeder Immobilie das Beste herausholen kann. Mich begeistert, wenn Sie dank mir schneller und besser vermarkten und Ihre Kunden auf den ersten Blick beeindrucken.<\/p>\n<p>Ich freue mich Sie und Ihr Projekt pers\u00f6nlich kennenzulernen!<\/p>\n<p>Ihre Lisa Portner[\/vc_column_text][\/vc_column][\/vc_row][vc_row css=&#8221;.vc_custom_1438749369192{padding-top: 90px !important;padding-bottom: 90px !important;background-color: #f5f5f5 !important;}&#8221;][vc_column animate=&#8221;fadeinup&#8221; el_class=&#8221;container-4&#8243;]\n\t<!-- Element: OT Our Team --> \t \n    <!-- team member -->\n    <div class=\"de-team-list team-box wow fadeInUp\">\n    \t\t        <div class=\"team-pic\">\n\t        \t<img loading=\"lazy\" decoding=\"async\" width=\"568\" height=\"568\" src=\"https:\/\/metamorfos.de\/wp-content\/uploads\/2021\/06\/Ifi_neu.png\" class=\"img-responsive\" alt=\"\" srcset=\"https:\/\/metamorfos.de\/wp-content\/uploads\/2021\/06\/Ifi_neu.png 568w, https:\/\/metamorfos.de\/wp-content\/uploads\/2021\/06\/Ifi_neu-300x300.png 300w, https:\/\/metamorfos.de\/wp-content\/uploads\/2021\/06\/Ifi_neu-150x150.png 150w, https:\/\/metamorfos.de\/wp-content\/uploads\/2021\/06\/Ifi_neu-100x100.png 100w\" sizes=\"auto, (max-width: 568px) 100vw, 568px\" title=\"Ifi_neu\" \/>          \n\t        <\/div>\n                <div class=\"team-desc\">\n            <h3>Institut f\u00fcr Innenarchitektur<\/h3>\n            <p class=\"lead\">Innenarchitektur<\/p>            <div class=\"small-border\"><\/div>\n            <p>Lehrgang f\u00fcr professionelle Innenarchitektur in Theorie und Praxis.<\/p>            <div class=\"social\">\n                <a href=\"https:\/\/www.facebook.com\/institutfuerinnenarchitektur\/\" target=\"_blank\"><i class=\"fa fa-facebook fa-lg\"><\/i><\/a>                <a href=\"https:\/\/www.instagram.com\/institut_fuer_innenarchitektur\/\" target=\"_blank\"><i class=\"fa fa-instagram fa-lg\"><\/i><\/a>                <a href=\"https:\/\/www.institutfuerinnenarchitektur.de\/\" target=\"_blank\"><i class=\"fa fa-link fa-lg\"><\/i><\/a>                            <\/div>\n        <\/div>\n    <\/div>\n    <!-- team close -->\n\n\n\t<!-- Element: OT Our Team --> \t \n    <!-- team member -->\n    <div class=\"de-team-list team-box wow fadeInUp\">\n    \t\t        <div class=\"team-pic\">\n\t        \t<img loading=\"lazy\" decoding=\"async\" width=\"568\" height=\"568\" src=\"https:\/\/metamorfos.de\/wp-content\/uploads\/2021\/06\/Gold-Medaille_neu.png\" class=\"img-responsive\" alt=\"\" srcset=\"https:\/\/metamorfos.de\/wp-content\/uploads\/2021\/06\/Gold-Medaille_neu.png 568w, https:\/\/metamorfos.de\/wp-content\/uploads\/2021\/06\/Gold-Medaille_neu-300x300.png 300w, https:\/\/metamorfos.de\/wp-content\/uploads\/2021\/06\/Gold-Medaille_neu-150x150.png 150w, https:\/\/metamorfos.de\/wp-content\/uploads\/2021\/06\/Gold-Medaille_neu-100x100.png 100w\" sizes=\"auto, (max-width: 568px) 100vw, 568px\" title=\"Gold-Medaille_neu\" \/>          \n\t        <\/div>\n                <div class=\"team-desc\">\n            <h3>DAHS - Deutsches Ausbildungszentrum f\u00fcr Home Staging<\/h3>\n            <p class=\"lead\">Home Staging Professional<\/p>            <div class=\"small-border\"><\/div>\n            <p>Ausbildung zur professionellen Home Stagerin.<\/p>            <div class=\"social\">\n                <a href=\"https:\/\/www.facebook.com\/home.staging.ausbildung\" target=\"_blank\"><i class=\"fa fa-facebook fa-lg\"><\/i><\/a>                <a href=\"https:\/\/www.home-staging-ausbildung.de\" target=\"_blank\"><i class=\"fa fa-link fa-lg\"><\/i><\/a>                                            <\/div>\n        <\/div>\n    <\/div>\n    <!-- team close -->\n\n\n\t<!-- Element: OT Our Team --> \t \n    <!-- team member -->\n    <div class=\"de-team-list team-box wow fadeInUp\">\n    \t\t        <div class=\"team-pic\">\n\t        \t<img loading=\"lazy\" decoding=\"async\" width=\"568\" height=\"568\" src=\"https:\/\/metamorfos.de\/wp-content\/uploads\/2021\/06\/logo-dahs.jpg\" class=\"img-responsive\" alt=\"\" srcset=\"https:\/\/metamorfos.de\/wp-content\/uploads\/2021\/06\/logo-dahs.jpg 568w, https:\/\/metamorfos.de\/wp-content\/uploads\/2021\/06\/logo-dahs-300x300.jpg 300w, https:\/\/metamorfos.de\/wp-content\/uploads\/2021\/06\/logo-dahs-150x150.jpg 150w, https:\/\/metamorfos.de\/wp-content\/uploads\/2021\/06\/logo-dahs-100x100.jpg 100w\" sizes=\"auto, (max-width: 568px) 100vw, 568px\" title=\"logo-dahs\" \/>          \n\t        <\/div>\n                <div class=\"team-desc\">\n            <h3>DAHS - Deutsches Ausbildungszentrum f\u00fcr Home Staging<\/h3>\n            <p class=\"lead\">Immobilien Fotografie<\/p>            <div class=\"small-border\"><\/div>\n            <p>Seminar f\u00fcr Immobilien Fotografie<\/p>            <div class=\"social\">\n                <a href=\"#\" target=\"_blank\"><i class=\"fa fa-facebook fa-lg\"><\/i><\/a>                <a href=\"#\" target=\"_blank\"><i class=\"fa fa-link fa-lg\"><\/i><\/a>                                            <\/div>\n        <\/div>\n    <\/div>\n    <!-- team close -->\n\n\n\t<!-- Element: OT Our Team --> \t \n    <!-- team member -->\n    <div class=\"de-team-list team-box wow fadeInUp\">\n    \t\t        <div class=\"team-pic\">\n\t        \t<img loading=\"lazy\" decoding=\"async\" width=\"100\" height=\"49\" src=\"https:\/\/metamorfos.de\/wp-content\/uploads\/2021\/06\/IHK-Du\u0308sseldorf-e1638516766937.png\" class=\"img-responsive\" alt=\"\" title=\"IHK-Du\u0308sseldorf\" \/>          \n\t        <\/div>\n                <div class=\"team-desc\">\n            <h3>IHK D\u00fcsseldorf<\/h3>\n            <p class=\"lead\">Home Staging (IHK)<\/p>            <div class=\"small-border\"><\/div>\n            <p>Zertifikatslehrgang der Industrie- und Handelskammer zu D\u00fcsseldorf<\/p>            <div class=\"social\">\n                <a href=\"https:\/\/www.facebook.com\/IHKDus\" target=\"_blank\"><i class=\"fa fa-facebook fa-lg\"><\/i><\/a>                <a href=\"https:\/\/www.instagram.com\/ausbildung.klarmachen\/\" target=\"_blank\"><i class=\"fa fa-instagram fa-lg\"><\/i><\/a>                <a href=\"https:\/\/www.duesseldorf.ihk.de\/\" target=\"_blank\"><i class=\"fa fa-link fa-lg\"><\/i><\/a>                            <\/div>\n        <\/div>\n    <\/div>\n    <!-- team close -->\n\n[\/vc_column][\/vc_row][vc_row archi_parallax=&#8221;yes&#8221; css=&#8221;.vc_custom_1621087515522{padding-top: 90px !important;padding-bottom: 90px !important;background-image: url(https:\/\/metamorfos.de\/wp-content\/uploads\/2015\/07\/Haustuer-gelb-scaled.jpg?id=974) !important;background-position: center !important;background-repeat: no-repeat !important;background-size: contain !important;}&#8221; el_class=&#8221;text-light bg-fixed&#8221;][vc_column animate=&#8221;fadeinup&#8221;]\n\t<!-- Element: OT Heading --> \t \n\t<h1 class=\"ot_custom_heading  \" style=\"text-align: center;color: #ffffff;\" >Kundenstimmern<\/h1>\t\n\t<!-- Element: OT Line solid --> \t \n\t<div class=\" separator \"><span><i class=\"fa fa-circle\"><\/i><\/span><\/div>\n\t<div class=\"spacer-single\"><\/div>\t      \n[\/vc_column][vc_column]\t<!-- Element: OT Testimonial Silder -->\t\n\t<div class=\"testimonial__carousel de_carousel wow fadeInUp\" data-wow-delay=\".3s\" data-visible=\"2\" data-autoplay=\"true\" data-autoheight=\"false\" data-speed=\"200\" data-navspeed=\"800\" data-rewinspeed=\"1000\">\n\t        <div class=\"col-md-12 item\">\n            <div class=\"de_testi\">\n                <blockquote>\n                    <p class=\"western\" align=\"left\">Dank Lisa Portner hat sich unser Schlafzimmer von einem k\u00e4rglich eingerichteten Raum in eine absolute Wohlf\u00fchloase verwandelt. Sie hat ein sehr gutes Auge, tolle innovative Ideen und sehr guten Geschmack. Ich habe die Zusammenarbeit mit Lisa sehr genossen und freue mich schon auf unser n\u00e4chstes gemeinsames Projekt.<\/p>\n                    <div class=\"de_testi_by no-margin\">\n\n                    \t\n\t\t\t\t\t\t<div >\n                        \tAlexandra N., Hohenschambach                        <\/div>\n\n                    <\/div>\n                <\/blockquote>\n            <\/div>\n        <\/div>\n                <div class=\"col-md-12 item\">\n            <div class=\"de_testi\">\n                <blockquote>\n                    <p class=\"western\" align=\"left\">Der Umzug meiner Praxis musste schnell gehen und das sieht man leider. Es fehlte an einem repr\u00e4sentativen Konzept. Da ich beruflich sehr eingespannt bin, war ich froh, als mir Frau Portner die Planung abnahm. Mit der passenden Einkaufsliste konnte ich im nahegelegenen M\u00f6belhaus alles N\u00f6tige unkompliziert bestellen.<\/p>\n                    <div class=\"de_testi_by no-margin\">\n\n                    \t\n\t\t\t\t\t\t<div >\n                        \tJulia B., M\u00fcnchen                        <\/div>\n\n                    <\/div>\n                <\/blockquote>\n            <\/div>\n        <\/div>\n                <div class=\"col-md-12 item\">\n            <div class=\"de_testi\">\n                <blockquote>\n                    <p class=\"western\" align=\"left\">Wir hatten uns \u00fcber die Einrichtung der Ferienwohnung noch keine Gedanken gemacht. Der Raum muss multifunktionell und repr\u00e4sentativ sein \u2013 aber wie soll das funktionieren? Frau Portner stand uns mit Rat und Tat zur Seite und pl\u00f6tzlich war die L\u00f6sung so einfach.<\/p>\n                    <div class=\"de_testi_by no-margin\">\n\n                    \t\n\t\t\t\t\t\t<div >\n                        \tJulia Z., Konstanz                        <\/div>\n\n                    <\/div>\n                <\/blockquote>\n            <\/div>\n        <\/div>\n                <div class=\"col-md-12 item\">\n            <div class=\"de_testi\">\n                <blockquote>\n                    <p class=\"western\" align=\"left\">Die virtuelle Einrichtungsberatung mit Frau Portner war sehr angenehm. Ich konnte sie via Kamera durch meine Wohnung f\u00fchren. Sie hat sofort verstanden was ich m\u00f6chte und meine W\u00fcnsche toll visualisiert.<\/p>\n                    <div class=\"de_testi_by no-margin\">\n\n                    \t\n\t\t\t\t\t\t<div >\n                        \tAnita B., Karlsruhe                        <\/div>\n\n                    <\/div>\n                <\/blockquote>\n            <\/div>\n        <\/div>\n            <\/div>\n\n[\/vc_column][\/vc_row][vc_row fullwidth=&#8221;yes&#8221; css=&#8221;.vc_custom_1442204580531{padding-top: 60px !important;padding-bottom: 60px !important;}&#8221; el_class=&#8221;call-to-action bg-color text-center&#8221;][vc_column width=&#8221;2\/3&#8243;]\n\t<!-- Element: OT Heading --> \t \n\t<h2 class=\"ot_custom_heading  \" style=\"color: #222222;\" >Sind Sie bereit f\u00fcr Ver\u00e4nderung?<\/h2>\t\n[\/vc_column][vc_column width=&#8221;1\/3&#8243;]\t\t\t\n\t<!-- Element: OT Button --> \n\t\t\t<a href=\"https:\/\/metamorfos.de\/index.php\/kontakt\/\" target=\"_self\" class=\"btn btn-line-black btn-big  \">Kontakt<\/a>\n\t    \n[\/vc_column][\/vc_row]<\/p>\n","protected":false},"excerpt":{"rendered":"<p>[vc_row][vc_column width=&#8221;1\/4&#8243;][vc_empty_space][vc_single_image image=&#8221;1575&#8243; img_size=&#8221;large&#8221;][\/vc_column][vc_column width=&#8221;3\/4&#8243;][vc_column_text] Sch\u00f6n, dass Sie mich besuchen! Mein Name ist Lisa Portner, ich gestalte Lebensr\u00e4ume. Sie sind Bautr\u00e4ger, Makler, Privatperson, Investor oder Inhaber einer Ferienwohnung und w\u00fcnschen sich sch\u00f6ner zu wohnen Ihre Immobilie optimal zu pr\u00e4sentieren zufriedene G\u00e4ste\/Kunden den bestm\u00f6glichen Preis bei Vermietung und Verkauf? Als Interior Designerin und IHK-zertifizierte Home Stagerin [&hellip;]<\/p>\n","protected":false},"author":1,"featured_media":1575,"parent":0,"menu_order":0,"comment_status":"closed","ping_status":"closed","template":"page-templates\/template-fullwidth.php","meta":{"footnotes":""},"class_list":["post-1196","page","type-page","status-publish","has-post-thumbnail","hentry"],"yoast_head":"<!-- This site is optimized with the Yoast SEO plugin v27.5 - https:\/\/yoast.com\/product\/yoast-seo-wordpress\/ -->\n<title>Lisa Portner - Metamorfos Raumgestaltung<\/title>\n<meta name=\"description\" content=\"Lisa Portner aus Hemau ist als Interior Designerin und IHK-gepr\u00fcfte Home Stagerin im Gro\u00dfraum Regenburg t\u00e4tig.\" \/>\n<meta name=\"robots\" content=\"index, follow, max-snippet:-1, max-image-preview:large, max-video-preview:-1\" \/>\n<link rel=\"canonical\" href=\"https:\/\/metamorfos.de\/index.php\/about\/\" \/>\n<meta property=\"og:locale\" content=\"de_DE\" \/>\n<meta property=\"og:type\" content=\"article\" \/>\n<meta property=\"og:title\" content=\"Lisa Portner - Metamorfos Raumgestaltung\" \/>\n<meta property=\"og:description\" content=\"Lisa Portner aus Hemau ist als Interior Designerin und IHK-gepr\u00fcfte Home Stagerin im Gro\u00dfraum Regenburg t\u00e4tig.\" \/>\n<meta property=\"og:url\" content=\"https:\/\/metamorfos.de\/index.php\/about\/\" \/>\n<meta property=\"og:site_name\" content=\"Metamorfos Raumgestaltung\" \/>\n<meta property=\"article:modified_time\" content=\"2025-10-17T08:30:32+00:00\" \/>\n<meta property=\"og:image\" content=\"https:\/\/metamorfos.de\/wp-content\/uploads\/2025\/10\/Lisa-Portner_Portrait2.webp\" \/>\n\t<meta property=\"og:image:width\" content=\"1706\" \/>\n\t<meta property=\"og:image:height\" content=\"2560\" \/>\n\t<meta property=\"og:image:type\" content=\"image\/webp\" \/>\n<meta name=\"twitter:card\" content=\"summary_large_image\" \/>\n<meta name=\"twitter:label1\" content=\"Gesch\u00e4tzte Lesezeit\" \/>\n\t<meta name=\"twitter:data1\" content=\"2\u00a0Minuten\" \/>\n<script type=\"application\/ld+json\" class=\"yoast-schema-graph\">{\"@context\":\"https:\\\/\\\/schema.org\",\"@graph\":[{\"@type\":\"WebPage\",\"@id\":\"https:\\\/\\\/metamorfos.de\\\/index.php\\\/about\\\/\",\"url\":\"https:\\\/\\\/metamorfos.de\\\/index.php\\\/about\\\/\",\"name\":\"Lisa Portner - Metamorfos Raumgestaltung\",\"isPartOf\":{\"@id\":\"https:\\\/\\\/metamorfos.de\\\/#website\"},\"primaryImageOfPage\":{\"@id\":\"https:\\\/\\\/metamorfos.de\\\/index.php\\\/about\\\/#primaryimage\"},\"image\":{\"@id\":\"https:\\\/\\\/metamorfos.de\\\/index.php\\\/about\\\/#primaryimage\"},\"thumbnailUrl\":\"https:\\\/\\\/metamorfos.de\\\/wp-content\\\/uploads\\\/2025\\\/10\\\/Lisa-Portner_Portrait2.webp\",\"datePublished\":\"2021-06-02T09:59:29+00:00\",\"dateModified\":\"2025-10-17T08:30:32+00:00\",\"description\":\"Lisa Portner aus Hemau ist als Interior Designerin und IHK-gepr\u00fcfte Home Stagerin im Gro\u00dfraum Regenburg t\u00e4tig.\",\"breadcrumb\":{\"@id\":\"https:\\\/\\\/metamorfos.de\\\/index.php\\\/about\\\/#breadcrumb\"},\"inLanguage\":\"de\",\"potentialAction\":[{\"@type\":\"ReadAction\",\"target\":[\"https:\\\/\\\/metamorfos.de\\\/index.php\\\/about\\\/\"]}]},{\"@type\":\"ImageObject\",\"inLanguage\":\"de\",\"@id\":\"https:\\\/\\\/metamorfos.de\\\/index.php\\\/about\\\/#primaryimage\",\"url\":\"https:\\\/\\\/metamorfos.de\\\/wp-content\\\/uploads\\\/2025\\\/10\\\/Lisa-Portner_Portrait2.webp\",\"contentUrl\":\"https:\\\/\\\/metamorfos.de\\\/wp-content\\\/uploads\\\/2025\\\/10\\\/Lisa-Portner_Portrait2.webp\",\"width\":1706,\"height\":2560},{\"@type\":\"BreadcrumbList\",\"@id\":\"https:\\\/\\\/metamorfos.de\\\/index.php\\\/about\\\/#breadcrumb\",\"itemListElement\":[{\"@type\":\"ListItem\",\"position\":1,\"name\":\"Startseite\",\"item\":\"https:\\\/\\\/metamorfos.de\\\/\"},{\"@type\":\"ListItem\",\"position\":2,\"name\":\"\u00dcber Mich\"}]},{\"@type\":\"WebSite\",\"@id\":\"https:\\\/\\\/metamorfos.de\\\/#website\",\"url\":\"https:\\\/\\\/metamorfos.de\\\/\",\"name\":\"Metamorfos Raumgestaltung\",\"description\":\"HomeStaging &amp; Interior Design\",\"publisher\":{\"@id\":\"https:\\\/\\\/metamorfos.de\\\/#organization\"},\"potentialAction\":[{\"@type\":\"SearchAction\",\"target\":{\"@type\":\"EntryPoint\",\"urlTemplate\":\"https:\\\/\\\/metamorfos.de\\\/?s={search_term_string}\"},\"query-input\":{\"@type\":\"PropertyValueSpecification\",\"valueRequired\":true,\"valueName\":\"search_term_string\"}}],\"inLanguage\":\"de\"},{\"@type\":\"Organization\",\"@id\":\"https:\\\/\\\/metamorfos.de\\\/#organization\",\"name\":\"Metamorfos\",\"url\":\"https:\\\/\\\/metamorfos.de\\\/\",\"logo\":{\"@type\":\"ImageObject\",\"inLanguage\":\"de\",\"@id\":\"https:\\\/\\\/metamorfos.de\\\/#\\\/schema\\\/logo\\\/image\\\/\",\"url\":\"https:\\\/\\\/i2.wp.com\\\/metamorfos.de\\\/wp-content\\\/uploads\\\/2021\\\/04\\\/web_logo_METAMORFOS_vertikal.png?fit=1200%2C275&ssl=1\",\"contentUrl\":\"https:\\\/\\\/i2.wp.com\\\/metamorfos.de\\\/wp-content\\\/uploads\\\/2021\\\/04\\\/web_logo_METAMORFOS_vertikal.png?fit=1200%2C275&ssl=1\",\"width\":1200,\"height\":275,\"caption\":\"Metamorfos\"},\"image\":{\"@id\":\"https:\\\/\\\/metamorfos.de\\\/#\\\/schema\\\/logo\\\/image\\\/\"},\"sameAs\":[\"https:\\\/\\\/www.instagram.com\\\/metamorfos.raumgestaltung\\\/\"]}]}<\/script>\n<!-- \/ Yoast SEO plugin. -->","yoast_head_json":{"title":"Lisa Portner - Metamorfos Raumgestaltung","description":"Lisa Portner aus Hemau ist als Interior Designerin und IHK-gepr\u00fcfte Home Stagerin im Gro\u00dfraum Regenburg t\u00e4tig.","robots":{"index":"index","follow":"follow","max-snippet":"max-snippet:-1","max-image-preview":"max-image-preview:large","max-video-preview":"max-video-preview:-1"},"canonical":"https:\/\/metamorfos.de\/index.php\/about\/","og_locale":"de_DE","og_type":"article","og_title":"Lisa Portner - Metamorfos Raumgestaltung","og_description":"Lisa Portner aus Hemau ist als Interior Designerin und IHK-gepr\u00fcfte Home Stagerin im Gro\u00dfraum Regenburg t\u00e4tig.","og_url":"https:\/\/metamorfos.de\/index.php\/about\/","og_site_name":"Metamorfos Raumgestaltung","article_modified_time":"2025-10-17T08:30:32+00:00","og_image":[{"width":1706,"height":2560,"url":"https:\/\/metamorfos.de\/wp-content\/uploads\/2025\/10\/Lisa-Portner_Portrait2.webp","type":"image\/webp"}],"twitter_card":"summary_large_image","twitter_misc":{"Gesch\u00e4tzte Lesezeit":"2\u00a0Minuten"},"schema":{"@context":"https:\/\/schema.org","@graph":[{"@type":"WebPage","@id":"https:\/\/metamorfos.de\/index.php\/about\/","url":"https:\/\/metamorfos.de\/index.php\/about\/","name":"Lisa Portner - Metamorfos Raumgestaltung","isPartOf":{"@id":"https:\/\/metamorfos.de\/#website"},"primaryImageOfPage":{"@id":"https:\/\/metamorfos.de\/index.php\/about\/#primaryimage"},"image":{"@id":"https:\/\/metamorfos.de\/index.php\/about\/#primaryimage"},"thumbnailUrl":"https:\/\/metamorfos.de\/wp-content\/uploads\/2025\/10\/Lisa-Portner_Portrait2.webp","datePublished":"2021-06-02T09:59:29+00:00","dateModified":"2025-10-17T08:30:32+00:00","description":"Lisa Portner aus Hemau ist als Interior Designerin und IHK-gepr\u00fcfte Home Stagerin im Gro\u00dfraum Regenburg t\u00e4tig.","breadcrumb":{"@id":"https:\/\/metamorfos.de\/index.php\/about\/#breadcrumb"},"inLanguage":"de","potentialAction":[{"@type":"ReadAction","target":["https:\/\/metamorfos.de\/index.php\/about\/"]}]},{"@type":"ImageObject","inLanguage":"de","@id":"https:\/\/metamorfos.de\/index.php\/about\/#primaryimage","url":"https:\/\/metamorfos.de\/wp-content\/uploads\/2025\/10\/Lisa-Portner_Portrait2.webp","contentUrl":"https:\/\/metamorfos.de\/wp-content\/uploads\/2025\/10\/Lisa-Portner_Portrait2.webp","width":1706,"height":2560},{"@type":"BreadcrumbList","@id":"https:\/\/metamorfos.de\/index.php\/about\/#breadcrumb","itemListElement":[{"@type":"ListItem","position":1,"name":"Startseite","item":"https:\/\/metamorfos.de\/"},{"@type":"ListItem","position":2,"name":"\u00dcber Mich"}]},{"@type":"WebSite","@id":"https:\/\/metamorfos.de\/#website","url":"https:\/\/metamorfos.de\/","name":"Metamorfos Raumgestaltung","description":"HomeStaging &amp; Interior Design","publisher":{"@id":"https:\/\/metamorfos.de\/#organization"},"potentialAction":[{"@type":"SearchAction","target":{"@type":"EntryPoint","urlTemplate":"https:\/\/metamorfos.de\/?s={search_term_string}"},"query-input":{"@type":"PropertyValueSpecification","valueRequired":true,"valueName":"search_term_string"}}],"inLanguage":"de"},{"@type":"Organization","@id":"https:\/\/metamorfos.de\/#organization","name":"Metamorfos","url":"https:\/\/metamorfos.de\/","logo":{"@type":"ImageObject","inLanguage":"de","@id":"https:\/\/metamorfos.de\/#\/schema\/logo\/image\/","url":"https:\/\/i2.wp.com\/metamorfos.de\/wp-content\/uploads\/2021\/04\/web_logo_METAMORFOS_vertikal.png?fit=1200%2C275&ssl=1","contentUrl":"https:\/\/i2.wp.com\/metamorfos.de\/wp-content\/uploads\/2021\/04\/web_logo_METAMORFOS_vertikal.png?fit=1200%2C275&ssl=1","width":1200,"height":275,"caption":"Metamorfos"},"image":{"@id":"https:\/\/metamorfos.de\/#\/schema\/logo\/image\/"},"sameAs":["https:\/\/www.instagram.com\/metamorfos.raumgestaltung\/"]}]}},"jetpack-related-posts":[],"jetpack_sharing_enabled":true,"_links":{"self":[{"href":"https:\/\/metamorfos.de\/index.php\/wp-json\/wp\/v2\/pages\/1196","targetHints":{"allow":["GET"]}}],"collection":[{"href":"https:\/\/metamorfos.de\/index.php\/wp-json\/wp\/v2\/pages"}],"about":[{"href":"https:\/\/metamorfos.de\/index.php\/wp-json\/wp\/v2\/types\/page"}],"author":[{"embeddable":true,"href":"https:\/\/metamorfos.de\/index.php\/wp-json\/wp\/v2\/users\/1"}],"replies":[{"embeddable":true,"href":"https:\/\/metamorfos.de\/index.php\/wp-json\/wp\/v2\/comments?post=1196"}],"version-history":[{"count":10,"href":"https:\/\/metamorfos.de\/index.php\/wp-json\/wp\/v2\/pages\/1196\/revisions"}],"predecessor-version":[{"id":1577,"href":"https:\/\/metamorfos.de\/index.php\/wp-json\/wp\/v2\/pages\/1196\/revisions\/1577"}],"wp:featuredmedia":[{"embeddable":true,"href":"https:\/\/metamorfos.de\/index.php\/wp-json\/wp\/v2\/media\/1575"}],"wp:attachment":[{"href":"https:\/\/metamorfos.de\/index.php\/wp-json\/wp\/v2\/media?parent=1196"}],"curies":[{"name":"wp","href":"https:\/\/api.w.org\/{rel}","templated":true}]}}